/(17/442). Let n(l) = -l**3 + 5*l**2 + l + 4. Let u be n(5). Suppose u*h - p = 4*h. What is the tens digit of h?
1
Let v(o) = o**2 + 11*o + 13. What is the units digit of v(-10)?
3
Suppose 3*r = -4*h + 4, 3*h = 4*r - 33 + 11. Suppose x = 15 + r. What is the units digit of x?
9
Let f be (1/3)/((-2)/(-18)). Let g(w) = -2*w**f + 2*w + w**3 + 2*w**2 - 5 - 4*w**2 + 0*w**3. What is the units digit of g(-4)?
9
What is the units digit of -4*(50/(-8))/5?
5
Let o be (-2 - -2)*(-5)/(-5). What is the tens digit of o + -1 + 31/1?
3
Let x(y) = -y**3 - 7*y**2 - 7*y - 3. Let i = -21 + 15. Let a be x(i). What is the units digit of 32/12*a/1?
8
What is the units digit of -2*19/(-6)*3 - 0?
9
Suppose -5*k + 3*k + 12 = 0. Suppose 5*h - k = 34. Suppose 0 = -5*v - h + 33. What is the units digit of v?
5
Suppose 5*u = -5*c, -u - c + 5 = -5*c. Let g be u/(-1 + 12/10). Suppose h - g*h = -36. What is the units digit of h?
9
Let s(j) = j - 10. Let a be s(-7). Let f = 34 + a. What is the tens digit of f?
1
Let i = -229 - -354. What is the hundreds digit of i?
1
Let i(f) = 18*f - 2. What is the units digit of i(1)?
6
Let i(j) = j**2 + 3*j - 3. Suppose 4*a + 24 = w, w + 11 = a - 4*a. What is the units digit of i(a)?
7
Let y(u) = 8*u**2 + 2*u - 3. Let o be y(3). Let k be (-4)/(-14) + o/7. Let n = k + 3. What is the tens digit of n?
1
Let s be 0 + -1 + 1 - 17. Suppose 0 = 11*q - 8*q - 78. Let m = q + s. What is the units digit of m?
9
Suppose r - 2*r - 28 = 3*d, 0 = -4*d + 2*r - 44. What is the units digit of d/4*(0 - 2)?
5
Let x be (-56)/(-10) + (-12)/(-30). Suppose -5*i - 3*z - x = -51, -27 = -3*i + 5*z. What is the units digit of i?
9
Let h(q) be the second derivative of -q**5/20 + 5*q**4/12 + 2*q**3/3 + 7*q**2/2 + 3*q. What is the tens digit of h(5)?
2
Suppose 7*n = -3*m + 3*n - 22, 3*n + 15 = -2*m. Let s(i) = i + 9. What is the units digit of s(m)?
3
Suppose 3 = -3*y + 18. Suppose -2 = -5*v + 3*m + 58, -y*v + 60 = 5*m. What is the units digit of v?
2
Suppose -i - 6 + 22 = 4*b, 4*b - 2*i - 16 = 0. Suppose -4*s - z + 117 = 0, 125 - 6 = b*s + 3*z. Suppose -5 + s = 2*m. What is the tens digit of m?
1
Let c = 13 + -8. Suppose -40 = -5*o + c*p, -4*p = -o + 4*o - 10. Let a = -4 + o. What is the units digit of a?
2
Let k = 4 - 5. What is the units digit of (2 - -10 - 1) + k?
0
Let u(r) = -136*r**3 - r**2 - r + 1. What is the hundreds digit of u(-1)?
1
Let t be (-22)/(-6) + 6/18. Suppose 5 = t*q + q. What is the units digit of q?
1
What is the hundreds digit of 172 + (-4 + 4 - -1) + -1?
1
What is the units digit of ((-2)/(-6))/((-14)/42)*-79?
9
Suppose r + 11 = -3*z + 32, -r + 29 = 5*z. What is the units digit of r?
9
Let g be (-2 - 14/(-8))*-20. Suppose 0 = -9*m + g*m + 64. What is the tens digit of m?
1
Let r be (-1 + -1)/(4/10). Let a(h) = -2*h - 9. What is the units digit of a(r)?
1
Let b(n) = 4*n**2 - 2*n + 5. What is the tens digit of b(4)?
6
Let i be 2*(-1)/2*-27. Let y = i - 13. What is the tens digit of y?
1
Let d(a) be the second derivative of -a + 2/3*a**4 + 9/2*a**2 - 1/20*a**5 + 0*a**3 + 0. What is the units digit of d(8)?
9
Suppose -5*s - 15 = -2*s. Let c = s - -8. What is the units digit of 23/c + 2/(-3)?
7
Let s be 2/6 + (-250)/(-15). Let k = s - 3. What is the tens digit of k?
1
Let r be 1 + 1 - (10 + -2). Let j(m) = -m**2 - 7*m + 6. What is the units digit of j(r)?
2
Suppose 2*p - 21 = 3. Let k = p + -37. Let i = k + 35. What is the tens digit of i?
1
Let p = 74 - 37. What is the units digit of p?
7
Let m be (4/7)/(8/28). Suppose k - 36 = m*g, -5*k = -2*k + 5*g - 163. What is the tens digit of k?
4
Let m(j) be the first derivative of j**3/3 + 7*j**2/2 - 3*j + 3. Let u be m(-7). Let q(d) = d**3 + 4*d**2 - 3. What is the units digit of q(u)?
6
Let j(u) = 14*u**2 + u - 3. What is the tens digit of j(-4)?
1
Let l(o) = o**3 - o. Let v be l(0). Suppose -3*r + 2*x + v = 2, 3*r - 18 = -3*x. Suppose -r*k + 3 = -3. What is the units digit of k?
3
Let a(m) = m**2 + 4*m + 6. Let z be a(-4). What is the units digit of 236/z + 22/33?
0
Let s be (-32 - -8)*-1*2. Suppose i - s = -2*i. What is the tens digit of ((-2)/1 - -2) + i?
1
Let p be -3 - (-3 + 2) - -2. Suppose -2*r = -p*r - 4. Suppose -c = -2*c - 2*v + 14, r*c = 5*v + 55. What is the units digit of c?
0
Suppose 2*v + 6 = -4*b, -2*b - 11 = 5*v + 12. Let u = v + 5. Let p = u + 4. What is the units digit of p?
4
Let v(u) = -u**3 + 6*u**2 + 7*u + 6. Suppose -2*g = -5 - 9. Let a be v(g). What is the units digit of -26*(-3)/a - 0?
3
Let i be ((-1)/(-3))/((-5)/(-75)). Suppose i*w = 14 + 71. What is the tens digit of w?
1
Suppose 0 = -5*y + 4*p - 85, 5*y - 25 = -3*p - 75. Let l = y + 36. What is the units digit of l?
3
Let m(v) = 2*v + 35. What is the tens digit of m(0)?
3
Suppose -p = -4*y + 3, -5*y + 2*y = -4*p - 12. Let a be -2*(p - -2 - 3). Let n = a + 3. What is the units digit of n?
1
Let o(r) = r**2 - 10*r + 11. Let k be o(9). Suppose -2*j + 48 = k*j. What is the units digit of j?
2
Let x = -35 - -116. What is the tens digit of x?
8
Let k(t) be the first derivative of t**3/3 - 4*t**2 - 9*t - 2. Let n be k(9). Suppose 4*b + f = 50, n*b = -2*b + f + 22. What is the units digit of b?
2
Let h be 4 + 1 + (-4)/2. What is the units digit of (-8)/h*24/(-4)?
6
Suppose -3*m = -8*m + 105. What is the units digit of 637/m + 3/(-9)?
0
Let n be (-34)/(-5) - 2/(-10). Let h be (-1)/(-2) - n/14. Suppose 34 = 5*r - 3*v, -4*r = -h*v + 2*v - 14. What is the units digit of r?
5
Let f(p) = -p**3 + 5*p**2 - 4*p - 1. Let t be f(3). Suppose 6*z - z - 5 = -t*g, g = 3*z - 19. What is the units digit of z?
5
What is the hundreds digit of 1/((-20)/(-12)) - 1551/(-15)?
1
Suppose 2*i + 95 = 7*i. What is the tens digit of i?
1
Let g = 50 - 29. What is the tens digit of g?
2
Suppose -28 + 7 = 3*k. Let u = k - -11. Suppose -2*t = 2*t - u. What is the units digit of t?
1
Let a(i) = -i**3 - 6*i**2 - 2*i + 1. Let n(s) = -s - 4. Let b be n(-6). Let l be (-13)/b - (-2)/4. What is the tens digit of a(l)?
1
Let i be -7*(0/(-1) + 1). Let m = 13 + i. Suppose -f + m*f - 30 = 0. What is the units digit of f?
6
Let g = 723 + -341. What is the units digit of g?
2
Suppose -z - 4*s = 2*z - 2, z - 2*s + 6 = 0. Let w = z + 3. What is the units digit of (5 - w)/1 - -2?
6
Let s = -13 - -21. Suppose -4*c + 0 = -s. Suppose -4*n = -2*p - 72, 2*n - 3*n = c*p - 8. What is the tens digit of n?
1
Suppose -13*t + 823 = -22. What is the tens digit of t?
6
Let i be (6/(-5))/((-3)/10). Suppose 0 = 3*c - s - i - 39, -4*s = 2*c - 38. What is the units digit of c?
5
Let s = -2 - -102. What is the hundreds digit of s?
1
Let k be 3/((3/(-3))/(-9)). Let i = -18 + k. Suppose l + 2*l = i. What is the units digit of l?
3
Suppose -3*n - 4*t + 35 = 0, 4*n + 4*t = 23 + 17. Suppose 5 = -n*z + 5*b, 2*z + 1 = z - 4*b. Let d = z - -4. What is the units digit of d?
3
Let w(d) = d + 8. Let m be w(0). Let s be ((-11)/(-5))/(8/40). Let i = s - m. What is the units digit of i?
3
Let g = -413 + 779. What is the hundreds digit of g?
3
Let q(w) = -2*w + 5. What is the units digit of q(-2)?
9
Let c(v) = 5*v + 40. What is the units digit of c(19)?
5
Suppose 0 = -5*b, -b = -2*m + 41 + 259. Suppose -3*k + m = 2*k. Let q = 43 - k. What is the tens digit of q?
1
Let r(i) = i**2 + 6*i + 9. What is the tens digit of r(-9)?
3
Let u(t) = -t**2 - 6*t - 1. Let c(v) = -1. Let k(j) = -6*c(j) - u(j). Suppose 3*q + 2*b = -25, 4*q - 3*b + 2 + 3 = 0. What is the units digit of k(q)?
2
Suppose -r + 5 = 3. Suppose 0 = -2*h - 2, -r*m - 3*m + 128 = 2*h. What is the units digit of m?
6
Suppose 0 = 8*c - 3*c + 5. Let h be (3 - c)*(-5)/(-4). Suppose -m + 2*g = 4*m - 20, 0 = -h*g + 25. What is the units digit of m?
6
Let u(z) = -z**2 - 5*z + 8. Let s = -10 + 4. Let d be u(s). What is the units digit of (d - 2) + 0 + 1?
1
Let t = -432 + 619. What is the tens digit of t?
8
Suppose -4*x + 0*x - b = -101, x - 5*b - 41 = 0. What is the tens digit of x?
2
Let s = 11 - 20. Let l = 26 + s. Suppose 4*i - l = -3*y, -7 = 4*i - 3*y - 2*y. What is the units digit of i?
2
Suppose -4*g - 2*m - 16 = -224, 5*g - 274 = m. What is the units digit of g?
4
Let p = -9 - -27. Let w = p - 9. What is the units digit of w?
9
Suppose -3*b + 7*f - 134 = 3*f, 25 = 5*f. What is the tens digit of -2 + b/4*-2?
1
Let w(t) = -t + 7. Let h be (1/2)/((-1)/10). Wha